{"id":152,"date":"2019-04-17T20:42:19","date_gmt":"2019-04-17T18:42:19","guid":{"rendered":"http:\/\/paroisses-nancy-sud.fr\/HOME\/?page_id=152"},"modified":"2025-08-29T10:47:22","modified_gmt":"2025-08-29T08:47:22","slug":"priere-dintercession","status":"publish","type":"page","link":"https:\/\/paroisses-nancy-sud.fr\/HOME\/priere-dintercession\/","title":{"rendered":"Pri\u00e8re d&rsquo;intercession"},"content":{"rendered":"\n<p class=\"Normal tm5 tm6\" style=\"text-align: center;\"><span style=\"color: #000000;\"><strong><span class=\"tm8\"><span class=\"tm9\">\u00ab\u00a0Venez \u00e0 moi, vous tous qui peinez sous le poids du fardeau, et moi, je vous procurerai le repos.\u00a0\u00bb (Mt 11, 28) <\/span><\/span><\/strong><\/span><\/p>\n<p class=\"Normal tm5 tm6\"><span style=\"color: #000000;\"><strong><span class=\"tm8\">Chaque premier Jeudi du mois (sauf pendant les vacances scolaires), <span class=\"tm9\">de 17h30 \u00e0 18h15,<\/span> dans l\u2019\u00e9glise de Jarville : <\/span><\/strong><span class=\"tm9\">est propos\u00e9 un temps de pri\u00e8re et d\u2019intercession pour tous ceux qui vivent une \u00e9preuve (sant\u00e9, famille, travail,\u2026), que ce soit personnellement ou avec des personnes proches ou lointaines.<\/span><\/span><\/p>\n<p><span style=\"color: #000000;\">Nous confions \u00e0 Dieu les pr\u00e9occupations familiales, les interrogations, les soucis de maladie. Nous confions ceux qui souhaitent partager ce qui fait la trame de leur vie, ceux que nous avons rencontr\u00e9s, qui demandent de prier pour eux, sans exprimer une attention particuli\u00e8re mais que le Seigneur, lui, connait.<\/span><\/p>\n<p class=\"Normal tm5 tm6\"><span style=\"color: #000000;\"><span class=\"tm9\">\u00ab\u00a0<\/span><em><span class=\"tm10\">Amen, je vous le dis, si deux d\u2019entre vous sur la terre se mettent d\u2019accord pour demander quoi que ce soit, ils l\u2019obtiendront de mon P\u00e8re qui est aux cieux. En effet, quand deux ou trois sont r\u00e9unis en mon nom, je suis l\u00e0, au milieu d\u2019eux.\u00a0<\/span><\/em><span class=\"tm9\">\u00bb (Mt 18, 19-20)\u00a0<\/span><\/span><\/p>\n<p><span style=\"color: #000000;\">Il faut s\u2019arr\u00eater, se mettre \u00e0 l\u2019\u00e9coute de la Parole de Dieu sous l\u2019inspiration de l\u2019Esprit Saint et cette pri\u00e8re d\u2019intercession prend tout son sens.<\/span><\/p>\n<p><span style=\"color: #000000;\">Il y a aussi le temps de remerciements, de rendre gr\u00e2ce, de partager des moments de vie heureux.<\/span><br \/><span style=\"color: #000000;\">Parfois, si nous sommes trop accabl\u00e9s, sachons que ce petit groupe est \u00ab\u00a0une courroie de transmission\u00a0\u00bb pour exprimer \u00e0 Dieu ce que nous gardons au fond de notre c\u0153ur.<\/span><\/p>\n<p style=\"text-align: right;\"><span style=\"color: #000000;\"><em>Marie-Antoinette<\/em><\/span><\/p>\n<p>\u00a0<\/p>\n","protected":false},"excerpt":{"rendered":"<p>\u00ab\u00a0Venez \u00e0 moi, vous tous qui peinez sous le poids du fardeau, et moi, je vous procurerai le repos.\u00a0\u00bb (Mt 11, 28) Chaque premier Jeudi du mois (sauf pendant les vacances scolaires), de 17h30 \u00e0 18h15, dans l\u2019\u00e9glise de Jarville : est propos\u00e9 un temps de pri\u00e8re et d\u2019intercession pour tous ceux qui vivent une&hellip; <br \/> <a class=\"read-more\" href=\"https:\/\/paroisses-nancy-sud.fr\/HOME\/priere-dintercession\/\">Lire la suite<\/a><\/p>\n","protected":false},"author":2,"featured_media":0,"parent":0,"menu_order":0,"comment_status":"closed","ping_status":"closed","template":"","meta":[],"acf":[],"_links":{"self":[{"href":"https:\/\/paroisses-nancy-sud.fr\/HOME\/wp-json\/wp\/v2\/pages\/152"}],"collection":[{"href":"https:\/\/paroisses-nancy-sud.fr\/HOME\/wp-json\/wp\/v2\/pages"}],"about":[{"href":"https:\/\/paroisses-nancy-sud.fr\/HOME\/wp-json\/wp\/v2\/types\/page"}],"author":[{"embeddable":true,"href":"https:\/\/paroisses-nancy-sud.fr\/HOME\/wp-json\/wp\/v2\/users\/2"}],"replies":[{"embeddable":true,"href":"https:\/\/paroisses-nancy-sud.fr\/HOME\/wp-json\/wp\/v2\/comments?post=152"}],"version-history":[{"count":5,"href":"https:\/\/paroisses-nancy-sud.fr\/HOME\/wp-json\/wp\/v2\/pages\/152\/revisions"}],"predecessor-version":[{"id":4863,"href":"https:\/\/paroisses-nancy-sud.fr\/HOME\/wp-json\/wp\/v2\/pages\/152\/revisions\/4863"}],"wp:attachment":[{"href":"https:\/\/paroisses-nancy-sud.fr\/HOME\/wp-json\/wp\/v2\/media?parent=152"}],"curies":[{"name":"wp","href":"https:\/\/api.w.org\/{rel}","templated":true}]}}

Prière d&rsquo;intercession

<p class="Normal tm5 tm6" style="text-align: center;"><span style="color: #000000;"><strong><span class="tm8"><span class="tm9">« Venez à moi, vous tous qui peinez sous le poids du fardeau, et moi, je vous procurerai le repos. » (Mt 11, 28) </span></span></strong></span></p>
<p class="Normal tm5 tm6"><span style="color: #000000;"><strong><span class="tm8">Chaque premier Jeudi du mois (sauf pendant les vacances scolaires), <span class="tm9">de 17h30 à 18h15,</span> dans l’église de Jarville : </span></strong><span class="tm9">est proposé un temps de prière et d’intercession pour tous ceux qui vivent une épreuve (santé, famille, travail,…), que ce soit personnellement ou avec des personnes proches ou lointaines.</span></span></p>
<p><span style="color: #000000;">Nous confions à Dieu les préoccupations familiales, les interrogations, les soucis de maladie. Nous confions ceux qui souhaitent partager ce qui fait la trame de leur vie, ceux que nous avons rencontrés, qui demandent de prier pour eux, sans exprimer une attention particulière mais que le Seigneur, lui, connait.</span></p>
<p class="Normal tm5 tm6"><span style="color: #000000;"><span class="tm9">« </span><em><span class="tm10">Amen, je vous le dis, si deux d’entre vous sur la terre se mettent d’accord pour demander quoi que ce soit, ils l’obtiendront de mon Père qui est aux cieux. En effet, quand deux ou trois sont réunis en mon nom, je suis là, au milieu d’eux. </span></em><span class="tm9">» (Mt 18, 19-20) </span></span></p>
<p><span style="color: #000000;">Il faut s’arrêter, se mettre à l’écoute de la Parole de Dieu sous l’inspiration de l’Esprit Saint et cette prière d’intercession prend tout son sens.</span></p>
<p><span style="color: #000000;">Il y a aussi le temps de remerciements, de rendre grâce, de partager des moments de vie heureux.</span><br /><span style="color: #000000;">Parfois, si nous sommes trop accablés, sachons que ce petit groupe est « une courroie de transmission » pour exprimer à Dieu ce que nous gardons au fond de notre cœur.</span></p>
<p style="text-align: right;"><span style="color: #000000;"><em>Marie-Antoinette</em></span></p>
<p> </p>

<p>« Venez à moi, vous tous qui peinez sous le poids du fardeau, et moi, je vous procurerai le repos. » (Mt 11, 28) Chaque premier Jeudi du mois (sauf pendant les vacances scolaires), de 17h30 à 18h15, dans l’église de Jarville : est proposé un temps de prière et d’intercession pour tous ceux qui vivent une&hellip; <br /> <a class="read-more" href="https://paroisses-nancy-sud.fr/HOME/priere-dintercession/">Lire la suite</a></p>
