{"id":161,"date":"2019-04-17T20:42:19","date_gmt":"2019-04-17T18:42:19","guid":{"rendered":"http:\/\/paroisses-nancy-sud.fr\/HOME\/?page_id=161"},"modified":"2024-11-02T16:35:57","modified_gmt":"2024-11-02T15:35:57","slug":"scouts-de-france","status":"publish","type":"page","link":"https:\/\/paroisses-nancy-sud.fr\/HOME\/scouts-de-france\/","title":{"rendered":"Scouts de France"},"content":{"rendered":"\n<p>\u00a0<\/p>\n<p><img decoding=\"async\" loading=\"lazy\" class=\"size-medium wp-image-2376 aligncenter\" src=\"https:\/\/paroisses-nancy-sud.fr\/HOME\/wp-content\/uploads\/Scouts-300x169.jpg\" alt=\"\" width=\"300\" height=\"169\" srcset=\"https:\/\/paroisses-nancy-sud.fr\/HOME\/wp-content\/uploads\/Scouts-300x169.jpg 300w, https:\/\/paroisses-nancy-sud.fr\/HOME\/wp-content\/uploads\/Scouts-1024x576.jpg 1024w, https:\/\/paroisses-nancy-sud.fr\/HOME\/wp-content\/uploads\/Scouts-768x432.jpg 768w, https:\/\/paroisses-nancy-sud.fr\/HOME\/wp-content\/uploads\/Scouts-1536x864.jpg 1536w, https:\/\/paroisses-nancy-sud.fr\/HOME\/wp-content\/uploads\/Scouts.jpg 1600w\" sizes=\"(max-width: 300px) 100vw, 300px\" \/><\/p>\n<p style=\"text-align: left;\"><span style=\"color: #000000;\">Vivre en communaut\u00e9, apprendre dans la nature et d\u00e9couvrir par soi-m\u00eame ; tels sont peut-\u00eatre les principaux objectifs des Scouts et Guides de France. Le mouvement rassemble cinq tranches d&rsquo;\u00e2ges permettant aux jeunes du secteur \u00e2ges de 6 \u00e0 21 ans de se retrouver pour vivre des aventures associant le d\u00e9passement de soi et la construction de projets en \u00e9quipe. Soyez les bienvenu\u2022e\u2022s pour d\u00e9couvrir ces tr\u00e9sors en rejoignant une unit\u00e9 ! Soyez les bienvenu\u2022e\u2022s et faites d\u00e9ployer les tr\u00e9sors des jeunes en rejoignant l&rsquo;\u00e9quipe d&rsquo;animation !<\/span><\/p>\n<p style=\"text-align: right;\"><span style=\"color: #000000;\">Victorin<\/span><\/p>\n<p class=\"x_MsoNormal\"><b><span style=\"color: #000000;\">Scouts et guides de France : contacts\u00a0<\/span><br \/><\/b><\/p>\n<p class=\"x_MsoNormal\"><span style=\"color: #000000;\"><b>Olivier Petitjean <\/b><a style=\"color: #000000;\" href=\"mailto:rgl2ludres@gmail.com\" target=\"_blank\" rel=\"noopener noreferrer\" data-auth=\"NotApplicable\" data-linkindex=\"0\">rgl2ludres@gmail.com<\/a><\/span><\/p>\n<p class=\"x_MsoNormal\"><span style=\"color: #000000;\"><b>La\u00ebtitia Beuvelot<\/b><\/span>, <a class=\"x_moz-txt-link-freetext\" href=\"mailto:secretaire2ludres@gmail.com\" target=\"_blank\" rel=\"noopener noreferrer\" data-auth=\"NotApplicable\" data-linkindex=\"1\"><span style=\"color: #000000;\">secretaire2ludres@gmail.com<\/span><\/a><\/p>\n\n\n","protected":false},"excerpt":{"rendered":"<p>\u00a0 Vivre en communaut\u00e9, apprendre dans la nature et d\u00e9couvrir par soi-m\u00eame ; tels sont peut-\u00eatre les principaux objectifs des Scouts et Guides de France. Le mouvement rassemble cinq tranches d&rsquo;\u00e2ges permettant aux jeunes du secteur \u00e2ges de 6 \u00e0 21 ans de se retrouver pour vivre des aventures associant le d\u00e9passement de soi et&hellip; <br \/> <a class=\"read-more\" href=\"https:\/\/paroisses-nancy-sud.fr\/HOME\/scouts-de-france\/\">Lire la suite<\/a><\/p>\n","protected":false},"author":2,"featured_media":0,"parent":0,"menu_order":0,"comment_status":"closed","ping_status":"closed","template":"","meta":[],"acf":[],"_links":{"self":[{"href":"https:\/\/paroisses-nancy-sud.fr\/HOME\/wp-json\/wp\/v2\/pages\/161"}],"collection":[{"href":"https:\/\/paroisses-nancy-sud.fr\/HOME\/wp-json\/wp\/v2\/pages"}],"about":[{"href":"https:\/\/paroisses-nancy-sud.fr\/HOME\/wp-json\/wp\/v2\/types\/page"}],"author":[{"embeddable":true,"href":"https:\/\/paroisses-nancy-sud.fr\/HOME\/wp-json\/wp\/v2\/users\/2"}],"replies":[{"embeddable":true,"href":"https:\/\/paroisses-nancy-sud.fr\/HOME\/wp-json\/wp\/v2\/comments?post=161"}],"version-history":[{"count":8,"href":"https:\/\/paroisses-nancy-sud.fr\/HOME\/wp-json\/wp\/v2\/pages\/161\/revisions"}],"predecessor-version":[{"id":4219,"href":"https:\/\/paroisses-nancy-sud.fr\/HOME\/wp-json\/wp\/v2\/pages\/161\/revisions\/4219"}],"wp:attachment":[{"href":"https:\/\/paroisses-nancy-sud.fr\/HOME\/wp-json\/wp\/v2\/media?parent=161"}],"curies":[{"name":"wp","href":"https:\/\/api.w.org\/{rel}","templated":true}]}}