{"id":28,"date":"2019-04-17T19:10:37","date_gmt":"2019-04-17T17:10:37","guid":{"rendered":"http:\/\/paroisses-nancy-sud.fr\/HOME\/?page_id=28"},"modified":"2026-02-08T19:16:30","modified_gmt":"2026-02-08T18:16:30","slug":"ccfd","status":"publish","type":"page","link":"https:\/\/paroisses-nancy-sud.fr\/HOME\/ccfd\/","title":{"rendered":"CCFD- Terre solidaire"},"content":{"rendered":"\n<p style=\"text-align: center;\"><span style=\"color: #000000;\"><strong>Prochaine soir\u00e9e CCFD-Terre solidaire<\/strong> <strong>\u00e0 Jarville :\u00a0<br \/>Mercredi 4\u00a0mars \u00a0\u00e0 19h, dans les salles paroissiales, situ\u00e9es \u00e0 gauche de l&rsquo;\u00e9glise du Sacr\u00e9-C\u0153ur \u00e0 Jarville<\/strong><\/span><\/p>\n<p>\u00a0<\/p>\n<p class=\"x_MsoNormal\"><span style=\"color: #000000;\">Acteur historique du changement dans plus de 70 pays, le\u00a0<b>CCFD-Terre Solidaire<\/b> agit\u00a0contre toutes les formes d\u2019injustices. Nous \u0153uvrons pour que\u00a0<b>chacun voie ses droits\u00a0<\/b><b>fondamentaux respect\u00e9s<\/b> : manger \u00e0 sa faim, vivre dignement de son travail, habiter\u00a0dans un environnement sain, choisir l\u00e0 o\u00f9 construire sa vie\u2026 Un monde plus juste et\u00a0plus fraternel est d\u00e9j\u00e0 en action, car chacun porte en lui une force de changement.<\/span><br \/><span style=\"color: #000000;\">Notre engagement pour plus\u00a0<b>de justice<\/b>\u00a0et\u00a0<b>de solidarit\u00e9<\/b>\u00a0prend racine dans\u00a0<b>l\u2019\u00c9vangile\u00a0<\/b>et la\u00a0<b>pens\u00e9e sociale de l\u2019\u00c9glise<\/b>. Par notre action individuelle et collective, nous\u00a0proposons et soutenons des solutions politiques et de terrain.<\/span><\/p>\n<p class=\"x_MsoNormal\"><span style=\"color: #000000;\">Pour en savoir plus\u00a0: \u00a0<a style=\"color: #000000;\" title=\"Prot\u00e9g\u00e9 par Outlook\u00a0: https:\/\/ccfd-terresolidaire.org\/. Cliquez ou appuyez pour suivre le lien.\" href=\"https:\/\/emea01.safelinks.protection.outlook.com\/?url=https%3A%2F%2Fccfd-terresolidaire.org%2F&amp;data=05%7C02%7C%7Ce1e20db80426404b236008dd5b308b7f%7C84df9e7fe9f640afb435aaaaaaaaaaaa%7C1%7C0%7C638766986269878371%7CUnknown%7CTWFpbGZsb3d8eyJFbXB0eU1hcGkiOnRydWUsIlYiOiIwLjAuMDAwMCIsIlAiOiJXaW4zMiIsIkFOIjoiTWFpbCIsIldUIjoyfQ%3D%3D%7C0%7C%7C%7C&amp;sdata=fyqGfRzt9J7lTeBPYBN9a2ENpKSBR7cH21Fk2hAv5OQ%3D&amp;reserved=0\" target=\"_blank\" rel=\"noopener noreferrer\" data-auth=\"NotApplicable\" data-linkindex=\"1\">https:\/\/ccfd-terresolidaire.org\/<\/a><\/span><\/p>\n<p class=\"x_MsoNormal\"><span style=\"color: #000000;\">Si vous voulez rejoindre l\u2019\u00e9quipe locale de Jarville-la-Malgrange, vous pouvez contacter Marie-France DUFOUR au 06 87 02 84 21 ou par email\u00a0:<span class=\"x_MsoHyperlink\">\u00a0<\/span><span class=\"x_test-idfield-value\"><a style=\"color: #000000;\" title=\"mailto:mariefrancedufour147@orange.fr\" href=\"mailto:mariefrancedufour147@orange.fr\" data-linkindex=\"2\">mariefrancedufour147@orange.fr<\/a><\/span><\/span><\/p>\n<p><span style=\"color: #000000;\">Pour nous contacter par mail\u00a0 : <a style=\"color: #000000;\" href=\"ccfd54@ccfd-terresolidaire.org\">ccfd54@ccfd-terresolidaire.org<\/a><\/span><\/p>\n<p>\u00a0<\/p>\n<p style=\"text-align: center;\">\u00a0<\/p>\n<p>\u00a0<\/p>\n","protected":false},"excerpt":{"rendered":"<p>Prochaine soir\u00e9e CCFD-Terre solidaire \u00e0 Jarville :\u00a0Mercredi 4\u00a0mars \u00a0\u00e0 19h, dans les salles paroissiales, situ\u00e9es \u00e0 gauche de l&rsquo;\u00e9glise du Sacr\u00e9-C\u0153ur \u00e0 Jarville \u00a0 Acteur historique du changement dans plus de 70 pays, le\u00a0CCFD-Terre Solidaire agit\u00a0contre toutes les formes d\u2019injustices. Nous \u0153uvrons pour que\u00a0chacun voie ses droits\u00a0fondamentaux respect\u00e9s : manger \u00e0 sa faim, vivre dignement&hellip; <br \/> <a class=\"read-more\" href=\"https:\/\/paroisses-nancy-sud.fr\/HOME\/ccfd\/\">Lire la suite<\/a><\/p>\n","protected":false},"author":1,"featured_media":0,"parent":0,"menu_order":0,"comment_status":"closed","ping_status":"closed","template":"","meta":[],"acf":[],"_links":{"self":[{"href":"https:\/\/paroisses-nancy-sud.fr\/HOME\/wp-json\/wp\/v2\/pages\/28"}],"collection":[{"href":"https:\/\/paroisses-nancy-sud.fr\/HOME\/wp-json\/wp\/v2\/pages"}],"about":[{"href":"https:\/\/paroisses-nancy-sud.fr\/HOME\/wp-json\/wp\/v2\/types\/page"}],"author":[{"embeddable":true,"href":"https:\/\/paroisses-nancy-sud.fr\/HOME\/wp-json\/wp\/v2\/users\/1"}],"replies":[{"embeddable":true,"href":"https:\/\/paroisses-nancy-sud.fr\/HOME\/wp-json\/wp\/v2\/comments?post=28"}],"version-history":[{"count":6,"href":"https:\/\/paroisses-nancy-sud.fr\/HOME\/wp-json\/wp\/v2\/pages\/28\/revisions"}],"predecessor-version":[{"id":5156,"href":"https:\/\/paroisses-nancy-sud.fr\/HOME\/wp-json\/wp\/v2\/pages\/28\/revisions\/5156"}],"wp:attachment":[{"href":"https:\/\/paroisses-nancy-sud.fr\/HOME\/wp-json\/wp\/v2\/media?parent=28"}],"curies":[{"name":"wp","href":"https:\/\/api.w.org\/{rel}","templated":true}]}}