{"id":900,"date":"2021-04-11T10:02:58","date_gmt":"2021-04-11T08:02:58","guid":{"rendered":"https:\/\/paroisses-nancy-sud.fr\/HOME\/?page_id=900"},"modified":"2021-04-11T10:02:58","modified_gmt":"2021-04-11T08:02:58","slug":"homelies","status":"publish","type":"page","link":"https:\/\/paroisses-nancy-sud.fr\/HOME\/homelies\/","title":{"rendered":"Hom\u00e9lies"},"content":{"rendered":"\n<style>.wp-show-posts-columns#wpsp-899 {margin-left: -3em; }.wp-show-posts-columns#wpsp-899 .wp-show-posts-inner {margin: 0 0 3em 3em; }<\/style><section id=\"wpsp-899\" class=\" wp-show-posts-columns wp-show-posts\" style=\"\"><article class=\" wp-show-posts-single post-5313 post type-post status-publish format-standard has-post-thumbnail hentry category-homelie wpsp-col-6\" itemtype=\"http:\/\/schema.org\/CreativeWork\" itemscope><div class=\"wp-show-posts-inner\" style=\"\">\t\t\t\t\t\t<header class=\"wp-show-posts-entry-header\">\n\t\t\t\t\t\t\t<h4 class=\"wp-show-posts-entry-title\" itemprop=\"headline\"><a href=\"https:\/\/paroisses-nancy-sud.fr\/HOME\/sa-mort-nous-affranchit-de-la-mort\/\" rel=\"bookmark\">Sa mort nous affranchit de la mort<\/a><\/h4>\t\t\t\t\t\t<\/header><!-- .entry-header -->\n\t\t\t\t\t\t\t<div class=\"wp-show-posts-image  wpsp-image-left \">\n\t\t\t<a href=\"https:\/\/paroisses-nancy-sud.fr\/HOME\/sa-mort-nous-affranchit-de-la-mort\/\"  title=\"Sa mort nous affranchit de la mort\">\t\t\t\t\t<img src=\"https:\/\/paroisses-nancy-sud.fr\/HOME\/wp-content\/uploads\/Bible_lutrin-249x165.jpg\" alt=\"Sa mort nous affranchit de la mort\" itemprop=\"image\" class=\"left\" \/>\n\t\t\t\t<\/a>\t\t<\/div>\n\t\t\t\t\t\t\t\t<div class=\"wp-show-posts-entry-summary\" itemprop=\"text\">\n\t\t\t\t\t\t\t<p>Sa mort nous affranchit de la mort \u00ab Reste avec nous, car le soir approche et d\u00e9j\u00e0 le jour baisse. \u00bb Chaque soir, les t\u00e9n\u00e8bres de la nuit couvrent le monde. Le jour meurt. Nous sombrons dans le sommeil. Nous nous absentons pour quelques heures&#8230;<\/p>\n\t\t\t\t\t\t<\/div><!-- .entry-summary -->\n\t\t\t\t\t<div class=\"wpsp-read-more\"><a title=\"Sa mort nous affranchit de la mort\" class=\"wp-show-posts-read-more\" href=\"https:\/\/paroisses-nancy-sud.fr\/HOME\/sa-mort-nous-affranchit-de-la-mort\/\">Lire la suite<\/a><\/div><\/div><!-- wp-show-posts-inner --><\/article><article class=\" wp-show-posts-single post-5309 post type-post status-publish format-standard has-post-thumbnail hentry category-homelie wpsp-col-6\" itemtype=\"http:\/\/schema.org\/CreativeWork\" itemscope><div class=\"wp-show-posts-inner\" style=\"\">\t\t\t\t\t\t<header class=\"wp-show-posts-entry-header\">\n\t\t\t\t\t\t\t<h4 class=\"wp-show-posts-entry-title\" itemprop=\"headline\"><a href=\"https:\/\/paroisses-nancy-sud.fr\/HOME\/la-fraternite-qui-fait-leglise\/\" rel=\"bookmark\">La fraternit\u00e9 qui fait l&rsquo;Eglise<\/a><\/h4>\t\t\t\t\t\t<\/header><!-- .entry-header -->\n\t\t\t\t\t\t\t<div class=\"wp-show-posts-image  wpsp-image-left \">\n\t\t\t<a href=\"https:\/\/paroisses-nancy-sud.fr\/HOME\/la-fraternite-qui-fait-leglise\/\"  title=\"La fraternit\u00e9 qui fait l&rsquo;Eglise\">\t\t\t\t\t<img src=\"https:\/\/paroisses-nancy-sud.fr\/HOME\/wp-content\/uploads\/Bible_lutrin-249x165.jpg\" alt=\"La fraternit\u00e9 qui fait l&rsquo;Eglise\" itemprop=\"image\" class=\"left\" \/>\n\t\t\t\t<\/a>\t\t<\/div>\n\t\t\t\t\t\t\t\t<div class=\"wp-show-posts-entry-summary\" itemprop=\"text\">\n\t\t\t\t\t\t\t<p>Je vais vous raconter une histoire vraie qui s\u2019est pass\u00e9e il y a quelques ann\u00e9es en R\u00e9gion parisienne. Il s\u2019agit de quelques personnes qui font r\u00e9guli\u00e8rement le m\u00e9nage de l\u2019\u00e9glise. C\u2019est tr\u00e8s banal. Habituellement, elles sortent le mat\u00e9riel n\u00e9cessaire, font ce qu\u2019elles ont \u00e0 faire,&#8230;<\/p>\n\t\t\t\t\t\t<\/div><!-- .entry-summary -->\n\t\t\t\t\t<div class=\"wpsp-read-more\"><a title=\"La fraternit\u00e9 qui fait l&rsquo;Eglise\" class=\"wp-show-posts-read-more\" href=\"https:\/\/paroisses-nancy-sud.fr\/HOME\/la-fraternite-qui-fait-leglise\/\">Lire la suite<\/a><\/div><\/div><!-- wp-show-posts-inner --><\/article><article class=\" wp-show-posts-single post-5301 post type-post status-publish format-standard has-post-thumbnail hentry category-homelie wpsp-col-6\" itemtype=\"http:\/\/schema.org\/CreativeWork\" itemscope><div class=\"wp-show-posts-inner\" style=\"\">\t\t\t\t\t\t<header class=\"wp-show-posts-entry-header\">\n\t\t\t\t\t\t\t<h4 class=\"wp-show-posts-entry-title\" itemprop=\"headline\"><a href=\"https:\/\/paroisses-nancy-sud.fr\/HOME\/de-meme-que-le-pere-ma-envoye-moi-aussi-je-vous-envoie\/\" rel=\"bookmark\">De m\u00eame que le P\u00e8re m&rsquo;a envoy\u00e9, moi aussi je vous envoie<\/a><\/h4>\t\t\t\t\t\t<\/header><!-- .entry-header -->\n\t\t\t\t\t\t\t<div class=\"wp-show-posts-image  wpsp-image-left \">\n\t\t\t<a href=\"https:\/\/paroisses-nancy-sud.fr\/HOME\/de-meme-que-le-pere-ma-envoye-moi-aussi-je-vous-envoie\/\"  title=\"De m\u00eame que le P\u00e8re m&rsquo;a envoy\u00e9, moi aussi je vous envoie\">\t\t\t\t\t<img src=\"https:\/\/paroisses-nancy-sud.fr\/HOME\/wp-content\/uploads\/Bible_lutrin-249x165.jpg\" alt=\"De m\u00eame que le P\u00e8re m&rsquo;a envoy\u00e9, moi aussi je vous envoie\" itemprop=\"image\" class=\"left\" \/>\n\t\t\t\t<\/a>\t\t<\/div>\n\t\t\t\t\t\t\t\t<div class=\"wp-show-posts-entry-summary\" itemprop=\"text\">\n\t\t\t\t\t\t\t<p>De m\u00eame que le P\u00e8re m&rsquo;a envoy\u00e9, moi aussi je vous envoie Au C\u00e9nacle, J\u00e9sus ressuscit\u00e9 montra aux disciples ses mains et son c\u00f4t\u00e9 et leur dit \u00ab\u00a0La paix soit avec vous\u00a0! De m\u00eame que le P\u00e8re m&rsquo;a envoy\u00e9, moi aussi, je vous envoie.\u00a0\u00bb Nous,&#8230;<\/p>\n\t\t\t\t\t\t<\/div><!-- .entry-summary -->\n\t\t\t\t\t<div class=\"wpsp-read-more\"><a title=\"De m\u00eame que le P\u00e8re m&rsquo;a envoy\u00e9, moi aussi je vous envoie\" class=\"wp-show-posts-read-more\" href=\"https:\/\/paroisses-nancy-sud.fr\/HOME\/de-meme-que-le-pere-ma-envoye-moi-aussi-je-vous-envoie\/\">Lire la suite<\/a><\/div><\/div><!-- wp-show-posts-inner --><\/article><article class=\" wp-show-posts-single post-5296 post type-post status-publish format-standard has-post-thumbnail hentry category-homelie wpsp-col-6\" itemtype=\"http:\/\/schema.org\/CreativeWork\" itemscope><div class=\"wp-show-posts-inner\" style=\"\">\t\t\t\t\t\t<header class=\"wp-show-posts-entry-header\">\n\t\t\t\t\t\t\t<h4 class=\"wp-show-posts-entry-title\" itemprop=\"headline\"><a href=\"https:\/\/paroisses-nancy-sud.fr\/HOME\/matin-de-paques\/\" rel=\"bookmark\">Matin de P\u00e2ques<\/a><\/h4>\t\t\t\t\t\t<\/header><!-- .entry-header -->\n\t\t\t\t\t\t\t<div class=\"wp-show-posts-image  wpsp-image-left \">\n\t\t\t<a href=\"https:\/\/paroisses-nancy-sud.fr\/HOME\/matin-de-paques\/\"  title=\"Matin de P\u00e2ques\">\t\t\t\t\t<img src=\"https:\/\/paroisses-nancy-sud.fr\/HOME\/wp-content\/uploads\/Bible_lutrin-249x165.jpg\" alt=\"Matin de P\u00e2ques\" itemprop=\"image\" class=\"left\" \/>\n\t\t\t\t<\/a>\t\t<\/div>\n\t\t\t\t\t\t\t\t<div class=\"wp-show-posts-entry-summary\" itemprop=\"text\">\n\t\t\t\t\t\t\t<p>Les Evangiles, les r\u00e9cits de la vie de J\u00e9sus, c\u2019est le monde \u00e0 l\u2019envers. Les premiers sont les derniers, les derniers sont les premiers. Les ouvriers qui travaillent une heure sont pay\u00e9s autant que ceux qui travaillent une journ\u00e9e. Le bandit crucifi\u00e9 \u00e0 c\u00f4t\u00e9 de&#8230;<\/p>\n\t\t\t\t\t\t<\/div><!-- .entry-summary -->\n\t\t\t\t\t<div class=\"wpsp-read-more\"><a title=\"Matin de P\u00e2ques\" class=\"wp-show-posts-read-more\" href=\"https:\/\/paroisses-nancy-sud.fr\/HOME\/matin-de-paques\/\">Lire la suite<\/a><\/div><\/div><!-- wp-show-posts-inner --><\/article><article class=\" wp-show-posts-single post-5288 post type-post status-publish format-standard has-post-thumbnail hentry category-homelie wpsp-col-6\" itemtype=\"http:\/\/schema.org\/CreativeWork\" itemscope><div class=\"wp-show-posts-inner\" style=\"\">\t\t\t\t\t\t<header class=\"wp-show-posts-entry-header\">\n\t\t\t\t\t\t\t<h4 class=\"wp-show-posts-entry-title\" itemprop=\"headline\"><a href=\"https:\/\/paroisses-nancy-sud.fr\/HOME\/joie-pour-les-anges-joie-pour-la-terre-joie-pour-leglise\/\" rel=\"bookmark\">Joie pour les anges ! Joie pour la terre ! Joie pour l&rsquo;\u00c9glise !<\/a><\/h4>\t\t\t\t\t\t<\/header><!-- .entry-header -->\n\t\t\t\t\t\t\t<div class=\"wp-show-posts-image  wpsp-image-left \">\n\t\t\t<a href=\"https:\/\/paroisses-nancy-sud.fr\/HOME\/joie-pour-les-anges-joie-pour-la-terre-joie-pour-leglise\/\"  title=\"Joie pour les anges ! Joie pour la terre ! Joie pour l&rsquo;\u00c9glise !\">\t\t\t\t\t<img src=\"https:\/\/paroisses-nancy-sud.fr\/HOME\/wp-content\/uploads\/Bible_lutrin-249x165.jpg\" alt=\"Joie pour les anges ! Joie pour la terre ! Joie pour l&rsquo;\u00c9glise !\" itemprop=\"image\" class=\"left\" \/>\n\t\t\t\t<\/a>\t\t<\/div>\n\t\t\t\t\t\t\t\t<div class=\"wp-show-posts-entry-summary\" itemprop=\"text\">\n\t\t\t\t\t\t\t<p>Joie pour les anges\u00a0! Joie pour la terre\u00a0! Joie pour l&rsquo;\u00c9glise\u00a0! \u00ab\u00a0Les \u00e9toiles brillent, joyeuses, \u00e0 leur poste de veille\u00a0; [le Seigneur] les appelle, et elles r\u00e9pondent\u00a0: \u201cNous voici\u00a0!\u201d Elles brillent avec joie pour celui qui les a faites.\u00a0\u00bb Les \u00e9toiles sont joyeuses d&rsquo;\u00eatre \u00e0&#8230;<\/p>\n\t\t\t\t\t\t<\/div><!-- .entry-summary -->\n\t\t\t\t\t<div class=\"wpsp-read-more\"><a title=\"Joie pour les anges ! Joie pour la terre ! Joie pour l&rsquo;\u00c9glise !\" class=\"wp-show-posts-read-more\" href=\"https:\/\/paroisses-nancy-sud.fr\/HOME\/joie-pour-les-anges-joie-pour-la-terre-joie-pour-leglise\/\">Lire la suite<\/a><\/div><\/div><!-- wp-show-posts-inner --><\/article><article class=\" wp-show-posts-single post-5286 post type-post status-publish format-standard has-post-thumbnail hentry category-homelie wpsp-col-6\" itemtype=\"http:\/\/schema.org\/CreativeWork\" itemscope><div class=\"wp-show-posts-inner\" style=\"\">\t\t\t\t\t\t<header class=\"wp-show-posts-entry-header\">\n\t\t\t\t\t\t\t<h4 class=\"wp-show-posts-entry-title\" itemprop=\"headline\"><a href=\"https:\/\/paroisses-nancy-sud.fr\/HOME\/vendredi-saint-qui-aurait-cru-ce-que-nous-avons-entendu\/\" rel=\"bookmark\">Vendredi Saint, \u00ab\u00a0Qui aurait cru ce que nous avons entendu ?\u00a0\u00bb<\/a><\/h4>\t\t\t\t\t\t<\/header><!-- .entry-header -->\n\t\t\t\t\t\t\t<div class=\"wp-show-posts-image  wpsp-image-left \">\n\t\t\t<a href=\"https:\/\/paroisses-nancy-sud.fr\/HOME\/vendredi-saint-qui-aurait-cru-ce-que-nous-avons-entendu\/\"  title=\"Vendredi Saint, \u00ab\u00a0Qui aurait cru ce que nous avons entendu ?\u00a0\u00bb\">\t\t\t\t\t<img src=\"https:\/\/paroisses-nancy-sud.fr\/HOME\/wp-content\/uploads\/Bible_lutrin-249x165.jpg\" alt=\"Vendredi Saint, \u00ab\u00a0Qui aurait cru ce que nous avons entendu ?\u00a0\u00bb\" itemprop=\"image\" class=\"left\" \/>\n\t\t\t\t<\/a>\t\t<\/div>\n\t\t\t\t\t\t\t\t<div class=\"wp-show-posts-entry-summary\" itemprop=\"text\">\n\t\t\t\t\t\t\t<p>\u00ab\u00a0Qui aurait cru ce que nous avons entendu\u00a0?\u00a0\u00bb Ce soir, nous c\u00e9l\u00e9brons la Passion du Christ J\u00e9sus notre Seigneur, et nous avons entendu un oracle du proph\u00e8te Isa\u00efe\u00a0:\u00ab\u00a0Mon Serviteur \u00e9tonnera une multitude de nations, annonce le Seigneur. Devant lui les rois resteront bouche b\u00e9e, car&#8230;<\/p>\n\t\t\t\t\t\t<\/div><!-- .entry-summary -->\n\t\t\t\t\t<div class=\"wpsp-read-more\"><a title=\"Vendredi Saint, \u00ab\u00a0Qui aurait cru ce que nous avons entendu ?\u00a0\u00bb\" class=\"wp-show-posts-read-more\" href=\"https:\/\/paroisses-nancy-sud.fr\/HOME\/vendredi-saint-qui-aurait-cru-ce-que-nous-avons-entendu\/\">Lire la suite<\/a><\/div><\/div><!-- wp-show-posts-inner --><\/article><article class=\" wp-show-posts-single post-5282 post type-post status-publish format-standard has-post-thumbnail hentry category-homelie wpsp-col-6\" itemtype=\"http:\/\/schema.org\/CreativeWork\" itemscope><div class=\"wp-show-posts-inner\" style=\"\">\t\t\t\t\t\t<header class=\"wp-show-posts-entry-header\">\n\t\t\t\t\t\t\t<h4 class=\"wp-show-posts-entry-title\" itemprop=\"headline\"><a href=\"https:\/\/paroisses-nancy-sud.fr\/HOME\/jeudi-saint-joie-de-passer-joie-de-recevoir-et-joie-de-se-donner\/\" rel=\"bookmark\">Jeudi Saint, Joie de passer, joie de recevoir et joie de se donner<\/a><\/h4>\t\t\t\t\t\t<\/header><!-- .entry-header -->\n\t\t\t\t\t\t\t<div class=\"wp-show-posts-image  wpsp-image-left \">\n\t\t\t<a href=\"https:\/\/paroisses-nancy-sud.fr\/HOME\/jeudi-saint-joie-de-passer-joie-de-recevoir-et-joie-de-se-donner\/\"  title=\"Jeudi Saint, Joie de passer, joie de recevoir et joie de se donner\">\t\t\t\t\t<img src=\"https:\/\/paroisses-nancy-sud.fr\/HOME\/wp-content\/uploads\/Bible_lutrin-249x165.jpg\" alt=\"Jeudi Saint, Joie de passer, joie de recevoir et joie de se donner\" itemprop=\"image\" class=\"left\" \/>\n\t\t\t\t<\/a>\t\t<\/div>\n\t\t\t\t\t\t\t\t<div class=\"wp-show-posts-entry-summary\" itemprop=\"text\">\n\t\t\t\t\t\t\t<p>Joie de passer, joie de recevoir et joie de se donner \u00ab\u00a0J\u2019ai d\u00e9sir\u00e9 d\u2019un grand d\u00e9sir manger cette P\u00e2que avec vous avant de souffrir\u00a0!\u00a0\u00bb, d\u00e9clare le Seigneur J\u00e9sus \u00e0 ses disciples dans l&rsquo;\u00c9vangile selon S.\u00a0Luc au moment de s&rsquo;asseoir \u00e0 table avec eux. Demain, le&#8230;<\/p>\n\t\t\t\t\t\t<\/div><!-- .entry-summary -->\n\t\t\t\t\t<div class=\"wpsp-read-more\"><a title=\"Jeudi Saint, Joie de passer, joie de recevoir et joie de se donner\" class=\"wp-show-posts-read-more\" href=\"https:\/\/paroisses-nancy-sud.fr\/HOME\/jeudi-saint-joie-de-passer-joie-de-recevoir-et-joie-de-se-donner\/\">Lire la suite<\/a><\/div><\/div><!-- wp-show-posts-inner --><\/article><article class=\" wp-show-posts-single post-5232 post type-post status-publish format-standard has-post-thumbnail hentry category-homelie wpsp-col-6\" itemtype=\"http:\/\/schema.org\/CreativeWork\" itemscope><div class=\"wp-show-posts-inner\" style=\"\">\t\t\t\t\t\t<header class=\"wp-show-posts-entry-header\">\n\t\t\t\t\t\t\t<h4 class=\"wp-show-posts-entry-title\" itemprop=\"headline\"><a href=\"https:\/\/paroisses-nancy-sud.fr\/HOME\/notre-dieu-pleure-sur-les-morts\/\" rel=\"bookmark\">Notre Dieu pleure sur les morts<\/a><\/h4>\t\t\t\t\t\t<\/header><!-- .entry-header -->\n\t\t\t\t\t\t\t<div class=\"wp-show-posts-image  wpsp-image-left \">\n\t\t\t<a href=\"https:\/\/paroisses-nancy-sud.fr\/HOME\/notre-dieu-pleure-sur-les-morts\/\"  title=\"Notre Dieu pleure sur les morts\">\t\t\t\t\t<img src=\"https:\/\/paroisses-nancy-sud.fr\/HOME\/wp-content\/uploads\/Bible_lutrin-249x165.jpg\" alt=\"Notre Dieu pleure sur les morts\" itemprop=\"image\" class=\"left\" \/>\n\t\t\t\t<\/a>\t\t<\/div>\n\t\t\t\t\t\t\t\t<div class=\"wp-show-posts-entry-summary\" itemprop=\"text\">\n\t\t\t\t\t\t\t<p>Notre Dieu pleure sur les morts \u00ab\u00a0Souviens-toi que tu es poussi\u00e8re, et que tu retourneras en poussi\u00e8re.\u00a0\u00bb Fr\u00e8res et s\u0153urs, il y a plus d&rsquo;un mois d\u00e9j\u00e0, nous entrions dans le temps b\u00e9ni du Car\u00eame, temps de p\u00e9nitence, c&rsquo;est-\u00e0-dire de retour \u00e0 Dieu. Les cendres&#8230;<\/p>\n\t\t\t\t\t\t<\/div><!-- .entry-summary -->\n\t\t\t\t\t<div class=\"wpsp-read-more\"><a title=\"Notre Dieu pleure sur les morts\" class=\"wp-show-posts-read-more\" href=\"https:\/\/paroisses-nancy-sud.fr\/HOME\/notre-dieu-pleure-sur-les-morts\/\">Lire la suite<\/a><\/div><\/div><!-- wp-show-posts-inner --><\/article><div class=\"wpsp-clear\"><\/div><\/section><!-- .wp-show-posts --><div class=\"wpsp-load-more\"><span aria-current=\"page\" class=\"page-numbers current\">1<\/span>\n<a class=\"page-numbers\" href=\"https:\/\/paroisses-nancy-sud.fr\/HOME\/wp-json\/wp\/v2\/pages\/900\/page\/2\/\">2<\/a>\n<span class=\"page-numbers dots\">\u2026<\/span>\n<a class=\"page-numbers\" href=\"https:\/\/paroisses-nancy-sud.fr\/HOME\/wp-json\/wp\/v2\/pages\/900\/page\/33\/\">33<\/a>\n<a class=\"next page-numbers\" href=\"https:\/\/paroisses-nancy-sud.fr\/HOME\/wp-json\/wp\/v2\/pages\/900\/page\/2\/\">Next &rarr;<\/a><\/div>\n","protected":false},"excerpt":{"rendered":"","protected":false},"author":3,"featured_media":0,"parent":0,"menu_order":0,"comment_status":"closed","ping_status":"closed","template":"","meta":[],"acf":[],"_links":{"self":[{"href":"https:\/\/paroisses-nancy-sud.fr\/HOME\/wp-json\/wp\/v2\/pages\/900"}],"collection":[{"href":"https:\/\/paroisses-nancy-sud.fr\/HOME\/wp-json\/wp\/v2\/pages"}],"about":[{"href":"https:\/\/paroisses-nancy-sud.fr\/HOME\/wp-json\/wp\/v2\/types\/page"}],"author":[{"embeddable":true,"href":"https:\/\/paroisses-nancy-sud.fr\/HOME\/wp-json\/wp\/v2\/users\/3"}],"replies":[{"embeddable":true,"href":"https:\/\/paroisses-nancy-sud.fr\/HOME\/wp-json\/wp\/v2\/comments?post=900"}],"version-history":[{"count":1,"href":"https:\/\/paroisses-nancy-sud.fr\/HOME\/wp-json\/wp\/v2\/pages\/900\/revisions"}],"predecessor-version":[{"id":901,"href":"https:\/\/paroisses-nancy-sud.fr\/HOME\/wp-json\/wp\/v2\/pages\/900\/revisions\/901"}],"wp:attachment":[{"href":"https:\/\/paroisses-nancy-sud.fr\/HOME\/wp-json\/wp\/v2\/media?parent=900"}],"curies":[{"name":"wp","href":"https:\/\/api.w.org\/{rel}","templated":true}]}}