{"id":903,"date":"2021-04-11T10:09:00","date_gmt":"2021-04-11T08:09:00","guid":{"rendered":"https:\/\/paroisses-nancy-sud.fr\/HOME\/?page_id=903"},"modified":"2021-04-11T10:09:00","modified_gmt":"2021-04-11T08:09:00","slug":"prier-avec-les-enfants","status":"publish","type":"page","link":"https:\/\/paroisses-nancy-sud.fr\/HOME\/prier-avec-les-enfants\/","title":{"rendered":"Prier avec les enfants"},"content":{"rendered":"\n<style>.wp-show-posts-columns#wpsp-902 {margin-left: -3em; }.wp-show-posts-columns#wpsp-902 .wp-show-posts-inner {margin: 0 0 3em 3em; }<\/style><section id=\"wpsp-902\" class=\" wp-show-posts-columns wp-show-posts\" style=\"\"><article class=\" wp-show-posts-single post-894 post type-post status-publish format-standard has-post-thumbnail hentry category-enfants wpsp-col-6\" itemtype=\"http:\/\/schema.org\/CreativeWork\" itemscope><div class=\"wp-show-posts-inner\" style=\"\">\t\t\t\t\t\t<header class=\"wp-show-posts-entry-header\">\n\t\t\t\t\t\t\t<h4 class=\"wp-show-posts-entry-title\" itemprop=\"headline\"><a href=\"https:\/\/paroisses-nancy-sud.fr\/HOME\/levangile-en-famille-2\/\" rel=\"bookmark\">L&rsquo;\u00c9vangile en famille<\/a><\/h4>\t\t\t\t\t\t<\/header><!-- .entry-header -->\n\t\t\t\t\t\t\t<div class=\"wp-show-posts-image  wpsp-image-left \">\n\t\t\t<a href=\"https:\/\/paroisses-nancy-sud.fr\/HOME\/levangile-en-famille-2\/\"  title=\"L&rsquo;\u00c9vangile en famille\">\t\t\t\t\t<img src=\"https:\/\/paroisses-nancy-sud.fr\/HOME\/wp-content\/uploads\/Enfants_Arc_ciel_V2-scaled-250x119.jpg\" alt=\"L&rsquo;\u00c9vangile en famille\" itemprop=\"image\" class=\"left\" \/>\n\t\t\t\t<\/a>\t\t<\/div>\n\t\t\t\t\t\t\t\t<div class=\"wp-show-posts-entry-summary\" itemprop=\"text\">\n\t\t\t\t\t\t\t<p>Voici quelques pistes pour d\u00e9couvrir l&rsquo;\u00c9vangile de demain en famille. Il s&rsquo;agit de l&rsquo;\u00c9vangile selon saint Matthieu 25, 14 &#8211; 30. C&rsquo;est la parabole des talents. L&rsquo;\u00c9vangile peut \u00eatre regard\u00e9 en dessin anim\u00e9 ou \u00eatre lu. Pour des explications, vous avez l&rsquo;\u00c9vangile comment\u00e9 par un&#8230;<\/p>\n\t\t\t\t\t\t<\/div><!-- .entry-summary -->\n\t\t\t\t\t<div class=\"wpsp-read-more\"><a title=\"L&rsquo;\u00c9vangile en famille\" class=\"wp-show-posts-read-more\" href=\"https:\/\/paroisses-nancy-sud.fr\/HOME\/levangile-en-famille-2\/\">Lire la suite<\/a><\/div><\/div><!-- wp-show-posts-inner --><\/article><article class=\" wp-show-posts-single post-758 post type-post status-publish format-standard has-post-thumbnail hentry category-enfants wpsp-col-6\" itemtype=\"http:\/\/schema.org\/CreativeWork\" itemscope><div class=\"wp-show-posts-inner\" style=\"\">\t\t\t\t\t\t<header class=\"wp-show-posts-entry-header\">\n\t\t\t\t\t\t\t<h4 class=\"wp-show-posts-entry-title\" itemprop=\"headline\"><a href=\"https:\/\/paroisses-nancy-sud.fr\/HOME\/levangile-en-famille\/\" rel=\"bookmark\">L&rsquo;\u00c9vangile en famille<\/a><\/h4>\t\t\t\t\t\t<\/header><!-- .entry-header -->\n\t\t\t\t\t\t\t<div class=\"wp-show-posts-image  wpsp-image-left \">\n\t\t\t<a href=\"https:\/\/paroisses-nancy-sud.fr\/HOME\/levangile-en-famille\/\"  title=\"L&rsquo;\u00c9vangile en famille\">\t\t\t\t\t<img src=\"https:\/\/paroisses-nancy-sud.fr\/HOME\/wp-content\/uploads\/Enfants_Arc_ciel_V2-scaled-250x119.jpg\" alt=\"L&rsquo;\u00c9vangile en famille\" itemprop=\"image\" class=\"left\" \/>\n\t\t\t\t<\/a>\t\t<\/div>\n\t\t\t\t\t\t\t\t<div class=\"wp-show-posts-entry-summary\" itemprop=\"text\">\n\t\t\t\t\t\t\t<p>Voici quelques pistes pour d\u00e9couvrir l&rsquo;\u00c9vangile de demain (32e dimanche du temps ordinaire) et \u00e9changer avec les enfants : &#8211; L&rsquo;\u00c9vangile en dessin anim\u00e9 &#8211; Un dessin et des explications \u00a0<\/p>\n\t\t\t\t\t\t<\/div><!-- .entry-summary -->\n\t\t\t\t\t<div class=\"wpsp-read-more\"><a title=\"L&rsquo;\u00c9vangile en famille\" class=\"wp-show-posts-read-more\" href=\"https:\/\/paroisses-nancy-sud.fr\/HOME\/levangile-en-famille\/\">Lire la suite<\/a><\/div><\/div><!-- wp-show-posts-inner --><\/article><div class=\"wpsp-clear\"><\/div><\/section><!-- .wp-show-posts -->\n","protected":false},"excerpt":{"rendered":"","protected":false},"author":3,"featured_media":0,"parent":0,"menu_order":0,"comment_status":"closed","ping_status":"closed","template":"","meta":[],"acf":[],"_links":{"self":[{"href":"https:\/\/paroisses-nancy-sud.fr\/HOME\/wp-json\/wp\/v2\/pages\/903"}],"collection":[{"href":"https:\/\/paroisses-nancy-sud.fr\/HOME\/wp-json\/wp\/v2\/pages"}],"about":[{"href":"https:\/\/paroisses-nancy-sud.fr\/HOME\/wp-json\/wp\/v2\/types\/page"}],"author":[{"embeddable":true,"href":"https:\/\/paroisses-nancy-sud.fr\/HOME\/wp-json\/wp\/v2\/users\/3"}],"replies":[{"embeddable":true,"href":"https:\/\/paroisses-nancy-sud.fr\/HOME\/wp-json\/wp\/v2\/comments?post=903"}],"version-history":[{"count":1,"href":"https:\/\/paroisses-nancy-sud.fr\/HOME\/wp-json\/wp\/v2\/pages\/903\/revisions"}],"predecessor-version":[{"id":904,"href":"https:\/\/paroisses-nancy-sud.fr\/HOME\/wp-json\/wp\/v2\/pages\/903\/revisions\/904"}],"wp:attachment":[{"href":"https:\/\/paroisses-nancy-sud.fr\/HOME\/wp-json\/wp\/v2\/media?parent=903"}],"curies":[{"name":"wp","href":"https:\/\/api.w.org\/{rel}","templated":true}]}}

<style>.wp-show-posts-columns#wpsp-902 {margin-left: -3em; }.wp-show-posts-columns#wpsp-902 .wp-show-posts-inner {margin: 0 0 3em 3em; }</style><section id="wpsp-902" class=" wp-show-posts-columns wp-show-posts" style=""><article class=" wp-show-posts-single post-894 post type-post status-publish format-standard has-post-thumbnail hentry category-enfants wpsp-col-6" itemtype="http://schema.org/CreativeWork" itemscope><div class="wp-show-posts-inner" style="">						<header class="wp-show-posts-entry-header">
							<h4 class="wp-show-posts-entry-title" itemprop="headline"><a href="https://paroisses-nancy-sud.fr/HOME/levangile-en-famille-2/" rel="bookmark">L&rsquo;Évangile en famille</a></h4>						</header><!-- .entry-header -->
							<div class="wp-show-posts-image  wpsp-image-left ">
			<a href="https://paroisses-nancy-sud.fr/HOME/levangile-en-famille-2/"  title="L&rsquo;Évangile en famille">					<img src="https://paroisses-nancy-sud.fr/HOME/wp-content/uploads/Enfants_Arc_ciel_V2-scaled-250x119.jpg" alt="L&rsquo;Évangile en famille" itemprop="image" class="left" />
				</a>		</div>
								<div class="wp-show-posts-entry-summary" itemprop="text">
							<p>Voici quelques pistes pour découvrir l&rsquo;Évangile de demain en famille. Il s&rsquo;agit de l&rsquo;Évangile selon saint Matthieu 25, 14 &#8211; 30. C&rsquo;est la parabole des talents. L&rsquo;Évangile peut être regardé en dessin animé ou être lu. Pour des explications, vous avez l&rsquo;Évangile commenté par un&#8230;</p>
						</div><!-- .entry-summary -->
					<div class="wpsp-read-more"><a title="L&rsquo;Évangile en famille" class="wp-show-posts-read-more" href="https://paroisses-nancy-sud.fr/HOME/levangile-en-famille-2/">Lire la suite</a></div></div><!-- wp-show-posts-inner --></article><article class=" wp-show-posts-single post-758 post type-post status-publish format-standard has-post-thumbnail hentry category-enfants wpsp-col-6" itemtype="http://schema.org/CreativeWork" itemscope><div class="wp-show-posts-inner" style="">						<header class="wp-show-posts-entry-header">
							<h4 class="wp-show-posts-entry-title" itemprop="headline"><a href="https://paroisses-nancy-sud.fr/HOME/levangile-en-famille/" rel="bookmark">L&rsquo;Évangile en famille</a></h4>						</header><!-- .entry-header -->
							<div class="wp-show-posts-image  wpsp-image-left ">
			<a href="https://paroisses-nancy-sud.fr/HOME/levangile-en-famille/"  title="L&rsquo;Évangile en famille">					<img src="https://paroisses-nancy-sud.fr/HOME/wp-content/uploads/Enfants_Arc_ciel_V2-scaled-250x119.jpg" alt="L&rsquo;Évangile en famille" itemprop="image" class="left" />
				</a>		</div>
								<div class="wp-show-posts-entry-summary" itemprop="text">
							<p>Voici quelques pistes pour découvrir l&rsquo;Évangile de demain (32e dimanche du temps ordinaire) et échanger avec les enfants : &#8211; L&rsquo;Évangile en dessin animé &#8211; Un dessin et des explications  </p>
						</div><!-- .entry-summary -->
					<div class="wpsp-read-more"><a title="L&rsquo;Évangile en famille" class="wp-show-posts-read-more" href="https://paroisses-nancy-sud.fr/HOME/levangile-en-famille/">Lire la suite</a></div></div><!-- wp-show-posts-inner --></article><div class="wpsp-clear"></div></section><!-- .wp-show-posts -->
